and 5487?
3
What is the highest common divisor of 90847 and 2?
1
Calculate the highest common divisor of 5022 and 5670.
162
What is the highest common factor of 126 and 25308?
18
Calculate the greatest common divisor of 93 and 10323.
93
What is the highest common factor of 45 and 112215?
15
What is the highest common factor of 141 and 506237?
47
Calculate the highest common divisor of 36270 and 450.
90
What is the highest common divisor of 116340 and 54?
6
What is the greatest common factor of 17178 and 3864?
42
Calculate the highest common divisor of 32400 and 96.
48
What is the greatest common factor of 7728 and 16800?
336
Calculate the greatest common divisor of 8428 and 6880.
172
Calculate the highest common divisor of 1247791 and 59.
59
What is the highest common factor of 6984 and 394208?
776
Calculate the highest common factor of 15936 and 726.
6
What is the highest common factor of 5037 and 2967?
69
What is the highest common divisor of 89 and 14279427?
89
What is the highest common divisor of 27 and 6381?
9
Calculate the highest common divisor of 5058 and 18.
18
Calculate the greatest common factor of 41960 and 1000.
40
What is the highest common factor of 38 and 25252?
2
What is the greatest common factor of 531039 and 3?
3
What is the greatest common factor of 38428 and 104?
52
What is the greatest common factor of 126971 and 91?
13
Calculate the greatest common factor of 480 and 222465.
15
What is the greatest common divisor of 20229 and 231?
33
What is the greatest common divisor of 89931 and 713?
31
Calculate the highest common factor of 6444 and 8.
4
What is the greatest common divisor of 12 and 65580?
12
What is the greatest common divisor of 15257 and 7106?
209
What is the highest common factor of 784 and 2152?
8
Calculate the highest common divisor of 13568 and 112.
16
Calculate the highest common divisor of 3852 and 62892.
36
Calculate the highest common factor of 163720 and 8.
8
What is the greatest common factor of 175 and 41225?
25
Calculate the highest common factor of 467245 and 1020.
85
What is the greatest common divisor of 1483 and 4?
1
Calculate the greatest common factor of 49728 and 504.
168
What is the greatest common divisor of 20958 and 441?
21
Calculate the highest common divisor of 2485 and 179970.
35
What is the highest common divisor of 8 and 18162?
2
Calculate the greatest common factor of 24962 and 112.
14
What is the greatest common factor of 116 and 168780?
116
Calculate the highest common factor of 352 and 121880.
88
What is the greatest common divisor of 652682 and 614?
614
Calculate the greatest common divisor of 103523 and 4025.
161
What is the greatest common divisor of 1003232 and 40?
8
Calculate the highest common factor of 2086 and 366242.
298
What is the highest common factor of 8536 and 1843?
97
Calculate the highest common divisor of 6564 and 1404.
12
What is the highest common factor of 436 and 1241074?
218
What is the highest common factor of 63672 and 1575?
21
Calculate the greatest common factor of 8320 and 1352.
104
Calculate the highest common factor of 58 and 2054389.
29
What is the highest common divisor of 459 and 106947?
459
What is the highest common factor of 146861 and 88?
11
What is the highest common factor of 899924 and 628?
628
What is the highest common divisor of 645 and 36507?
129
Calculate the greatest common divisor of 96 and 7240.
8
What is the greatest common factor of 999 and 35631?
333
What is the highest common factor of 35847 and 207?
9
What is the highest common factor of 49 and 732403?
49
Calculate the greatest common divisor of 1514356 and 6680.
668
Calculate the greatest common divisor of 624 and 1136304.
624
What is the highest common factor of 738 and 82206?
18
Calculate the highest common divisor of 44064 and 4284.
612
What is the greatest common divisor of 570 and 27474?
114
Calculate the greatest common divisor of 149708 and 156.
52
Calculate the highest common factor of 1257888 and 288.
96
What is the highest common factor of 39 and 140231?
13
What is the greatest common factor of 1525 and 217825?
25
What is the greatest common factor of 112 and 14812?
28
What is the greatest common divisor of 185003 and 494?
247
What is the greatest common factor of 503 and 137?
1
What is the highest common divisor of 1072 and 25862?
134
What is the highest common factor of 37161 and 66?
3
Calculate the highest common divisor of 130840 and 20.
20
What is the highest common factor of 15456 and 128478?
966
Calculate the greatest common divisor of 26 and 311246.
26
Calculate the greatest common factor of 7546 and 96173.
77
Calculate the greatest common factor of 126 and 6258.
42
What is the highest common divisor of 532 and 44?
4
Calculate the highest common factor of 640 and 51488.
32
What is the greatest common factor of 1195 and 287995?
1195
What is the greatest common factor of 65351 and 286?
143
Calculate the highest common divisor of 4089 and 188.
47
Calculate the greatest common divisor of 56 and 72856.
56
What is the greatest common factor of 5475 and 4161?
219
What is the greatest common factor of 5798973 and 222?
111
Calculate the highest common factor of 40566 and 48.
6
Calculate the greatest common divisor of 103484 and 461892.
2524
Calculate the greatest common factor of 7794 and 90.
18
Calculate the greatest common factor of 43351 and 308.
77
Calculate the highest common factor of 14 and 2951172.
14
Calculate the highest common factor of 8404174 and 262.
262
Calculate the highest common factor of 118098 and 63.
9
What is the highest common factor of 312 and 16952?
104
Calculate the greatest common divisor of 1320 and 118470.
330
What is the greatest common divisor of 62346 and 18?
6
What is the highest common divisor of 912 and 3534?
114
What is the greatest common factor of 33246 and 306?
18
Calculate the highest common divisor of 13133 and 6281.
571
What is the highest common factor of 2058 and 21462?
294
Calculate the greatest common factor of 1225 and 98.
49
What is the highest common factor of 214 and 679771?
107
Calculate the greatest common factor of 145997 and 332.
83
What is the highest common divisor of 21 and 780741?
3
What is the highest common factor of 20 and 54190?
10
Calculate the greatest common divisor of 1962 and 324.
18
What is the greatest common factor of 1456 and 6576?
16
Calculate the highest common factor of 431 and 2544193.
431
What is the greatest common factor of 34393 and 163?
163
What is the highest common factor of 946 and 13531584?
946
Calculate the highest common divisor of 3664 and 22213.
229
What is the greatest common divisor of 21627 and 3888?
243
What is the greatest common factor of 7170 and 1290?
30
Calculate the highest common divisor of 5680 and 2330.
10
What is the greatest common divisor of 3990 and 8610?
210
Calculate the greatest common divisor of 136 and 8104.
8
Calculate the greatest common factor of 1242586 and 376.
94
Calculate the highest common divisor of 8875 and 11005.
355
What is the greatest common divisor of 422640 and 4140?
180
Calculate the highest common factor of 1516972 and 376.
188
What is the greatest common factor of 4031 and 116?
29
What is the highest common divisor of 12467 and 7462?
91
What is the highest common divisor of 297 and 19413?
27
What is the greatest common factor of 564 and 57?
3
Calculate the highest common divisor of 88 and 863368.
88
What is the greatest common factor of 40 and 10205?
5
What is the greatest common divisor of 936 and 4248?
72
What is the highest common divisor of 42834 and 12826?
242
Calculate the greatest common factor of 48 and 405984.
48
What is the highest common factor of 15317 and 77741?
289
Calculate the greatest common divisor of 1914 and 6351.
87
Calculate the greatest common factor of 7080 and 176056.
472
What is the highest common factor of 10938576 and 88?
88
What is the highest common divisor of 25 and 107065?
5
What is the highest common divisor of 950 and 22477?
19
Calculate the greatest common divisor of 6 and 22152.
6
What is the highest common divisor of 211551 and 934?
467
What is the highest common factor of 55608 and 4914?
42
Calculate the greatest common factor of 8379 and 601083.
441
Calculate the highest common factor of 8800451 and 